e w(-4). Suppose -s*y + 74 = -36. Calculate the greatest common factor of 33 and y.
11
Let g be (-15)/(6*(-2)/8). What is the highest common divisor of 10 and g?
10
Suppose 3*i = i + 40. Let l be (-2)/4*6 + 11. Calculate the highest common divisor of l and i.
4
Let y(m) = -m - 2. Let l be y(-11). What is the greatest common divisor of l and 45?
9
Suppose 3*j - 5*d + 30 + 77 = 0, 5*j + 3*d + 201 = 0. Let m = j + 59. What is the highest common divisor of m and 5?
5
Let p be (3 + -5)*3/(-2). Let d be (-2)/p - 203/(-21). What is the greatest common divisor of d and 63?
9
Let d = -7 + 18. Suppose -6*r + 53 - d = 0. What is the highest common divisor of 7 and r?
7
Let u(k) = 4*k + 3. Let y(i) = i. Let v(n) = u(n) - 6*y(n). Let t be v(-6). Calculate the highest common divisor of t and 3.
3
Suppose 0 = o + 3, t + o - 3 = -2*t. Suppose -18 = -h - 3*y, -t*y = h + 2*y - 21. Suppose -6 - h = -u. Calculate the greatest common factor of 135 and u.
15
Suppose -2 = -o - j, -o + j = -7 - 1. Suppose -o*n + 20 = -n. Calculate the highest common factor of n and 55.
5
Let j = -61 + 101. Let l be (-2)/(-10) - 158/(-10). Calculate the greatest common divisor of l and j.
8
Let c be 1/((-1)/(-30)*3). Let b = c + 8. Let x(u) = -u**2 - 7*u - 1. Let k be x(-5). What is the greatest common factor of b and k?
9
Suppose 2*n - 6 = 5*m, 5*n - 18 = 3*n - m. Let i be (-45)/(-2)*n/6. Let u be (-42)/(-7)*20/6. What is the highest common divisor of u and i?
10
Let d(p) = -10*p**2 - p. Let b be d(-1). Let c = 0 - b. What is the highest common divisor of 45 and c?
9
Let h(f) = 18*f + 18. Let z be h(5). What is the highest common factor of z and 18?
18
Suppose -t + 4*t = -a + 18, 26 = a + t. Suppose w + w = a. Let m be (3 - (2 - 2))*1. What is the highest common divisor of w and m?
3
Let b = 156 - 51. Calculate the highest common factor of 42 and b.
21
Let i be 14 + 3 + 2*-1. Let q(w) = -w**3 + 7*w**2 + 10*w - 6. Let g be q(8). What is the greatest common factor of g and i?
5
Suppose -3*f + 6*f = 78. What is the highest common divisor of 182 and f?
26
Suppose -4*u + 78 = 30. Calculate the highest common divisor of 12 and u.
12
Let z be (-1 - -3) + 36 + 1. Let c(b) = 2*b**3 + 2*b**2 - 1. Let f be c(2). Let n = z - f. Calculate the greatest common divisor of n and 64.
16
Let z(r) = -r**3 - 14*r**2 + 10*r - 18. Let c be z(-14). Let i = c - -228. Calculate the highest common factor of i and 14.
14
Suppose 0 = j - 2*r - 163 - 86, 0 = 4*j + 2*r - 1016. What is the highest common divisor of j and 23?
23
Let j(i) = -i**3 + 21*i**2 + 52*i - 26. Let y be j(23). What is the greatest common divisor of y and 28?
28
Suppose -b = 4 + 3. Let n be (4/3)/(b/(-63)). What is the greatest common divisor of 24 and n?
12
Suppose -3*b + 2*v = 9, -3*v - 31 = 5*b - v. Let k be b + (-1)/((-1)/3). Let q be 2/k - (-182)/2. What is the highest common divisor of 10 and q?
10
Let q be ((-171)/5)/(45/25 - 2). What is the highest common factor of 19 and q?
19
Suppose -3*q = -9, -3*r + 4*q = 3*q + 3. Let z be (-143)/2*(r - 2). Let f = 34 + -21. What is the highest common factor of z and f?
13
Let o(b) = b**3 - 4*b**2 - 7*b + 10. Let f be o(5). Suppose 5*u = 2 + 8. Let d = f + u. What is the greatest common divisor of d and 22?
2
Let c(i) = -2*i**3 - 2*i**2 + i + 2. Let d be c(-2). Let m be 2*(-3 + 0 + 11). Calculate the greatest common divisor of m and d.
8
Suppose 5*a - 390 = -110. Let q be (-4)/14 - (-2256)/a. Calculate the greatest common divisor of 10 and q.
10
Let d = -74 + 104. What is the greatest common factor of 40 and d?
10
Let u(p) = -p**3 + p**2 - 4*p + 5. Let i be u(2). Let f be i/21*-1*66. What is the highest common factor of 22 and f?
22
Let f(h) = -35*h**2 - 3*h - 2. Let s be f(-2). Suppose -5*x + 2*d = 283, -3*x + 2*d + 0*d = 173. Let m = x - s. Calculate the highest common factor of m and 9.
9
Suppose 0 = j - 4 - 6. Let z be (-25)/10*(-8)/j. Suppose 3*c - z = 5*c, -3*b + 81 = 3*c. Calculate the greatest common divisor of b and 4.
4
Let w be -2 + 2 + 3 + 33. Suppose -6*i + w + 252 = 0. Calculate the highest common divisor of 6 and i.
6
Let j(i) = i**3 + 13*i**2 + 14*i + 12. Let x be j(-12). Let r = -10 - x. What is the highest common divisor of 12 and r?
2
Let q = 7 + -42. Let p be 2/5 + (-406)/q. Calculate the highest common divisor of 12 and p.
12
Let q = -8 + 23. What is the highest common factor of q and 45?
15
Let v = 10 - -14. Let d be (-1 - 0)*2*9. Let w = -12 - d. Calculate the highest common divisor of v and w.
6
Let q(u) = 8*u**2 - 6*u + 13. Let w(i) = i**2 - i + 1. Let s(p) = -2*q(p) + 18*w(p). Let v be s(6). Calculate the greatest common divisor of 14 and v.
14
Let h(i) be the third derivative of -7*i**4/6 + i**3/3 + 10*i**2. Let t be h(-2). Calculate the greatest common factor of 29 and t.
29
Let v = -16 - -20. Let c(j) = 3*j - 8. Let t be c(v). Calculate the highest common factor of t and 8.
4
Let s = 60 - 35. Calculate the highest common factor of 275 and s.
25
Let w(a) = a**2 - 12*a - 4. Let v = 9 - -4. Let g be w(v). Calculate the highest common factor of g and 81.
9
Let g be (28/(-10))/(3/(-15)). Let l be -7*((-40)/g - -2). Suppose -2*t + 6*t - 80 = -4*o, 0 = -t - 3*o + 12. What is the highest common factor of l and t?
6
Suppose -4*j + 29 = -3*w, -4*w - 20 = -2*j - j. Suppose 30 = 2*n - 10. Calculate the greatest common divisor of j and n.
4
Suppose 131 + 1 = -3*a. Let w be 0 - a - (-4 - -3). What is the highest common divisor of w and 5?
5
Suppose -42 = -4*l + l. Suppose 2*j - 276 = -5*q - 58, -80 = -2*q + j. Calculate the highest common factor of l and q.
14
Let m = 417 + -291. Calculate the greatest common divisor of 14 and m.
14
Suppose 5*r - 305 + 50 = 0. Let c = -234 - -268. What is the highest common factor of r and c?
17
Suppose -4*j - 16 = -56. Suppose 0 = -5*v - 1 + 11. What is the highest common divisor of j and v?
2
Let z = -11 + 20. Let f be 2 + (-2 - -1) + -7. Let a = 12 + f. Calculate the greatest common factor of a and z.
3
Suppose -5*a = 2*r, -r = 3*a - 3*r. Suppose 4*i - 2*i - u + 4 = a, -3*u + 12 = -2*i. Suppose i*h = 2*h - 36. What is the highest common factor of 45 and h?
9
Suppose -h + 6 - 1 = 0. Suppose t - 13 = -u, h*t - 95 = 7*u - 2*u. Let j = 20 - 4. Calculate the greatest common factor of t and j.
16
Suppose j + 2*j - 23 = 4*p, -2*j + 22 = -4*p. What is the greatest common factor of 5 and j?
1
Let n = -6 + 9. Suppose 0 = -n*q + 2*t + 100, -3*q - 15 = -3*t - 117. What is the greatest common factor of q and 8?
8
Let l(t) = -t + 3. Suppose u + 0*u = 0. Let r be l(u). Suppose 2*y - 5*c = 4*y - 58, 4*y + r*c = 88. Calculate the highest common factor of y and 76.
19
Suppose 3*h = 2*w - 1, -4*w - h + 10 = h. Let g be (-20)/(-3)*3*w. Let y(n) = -n**3 - n + 5. Let r be y(0). Calculate the highest common divisor of r and g.
5
Let g = -2 - -3. Suppose 2*o - 5*x - 8 = 0, 0 = o + 15*x - 14*x - 11. What is the greatest common factor of o and g?
1
Let y = -24 + 48. Let g = -10 + y. Calculate the highest common factor of 14 and g.
14
Suppose 0 = -5*z - h + 13, -9 - 4 = z - 5*h. Suppose -2*w = -z*y + 2*w + 76, -5*w = 15. What is the highest common factor of y and 16?
16
Suppose 0 = -3*j - 4*r + 338, -3*r - 324 = -2*j - j. What is the highest common factor of j and 22?
22
Let q(y) = -y - 2. Suppose 4*x = 2*x. Let n(s) = s**3 - s**2 - 5. Let w be n(x). Let t be q(w). Calculate the greatest common factor of t and 3.
3
Suppose -5 = -m, 0*m = -2*x - m + 23. Calculate the highest common divisor of 36 and x.
9
Let o be 2 - (-6)/(-4)*-6. Calculate the highest common factor of o and 11.
11
Suppose 0 = -2*t - 3*t + 495. Calculate the greatest common divisor of 33 and t.
33
Suppose -2*p + q - 6 = -3*p, -3*q + 2 = -5*p. Calculate the highest common divisor of 6 and p.
2
Suppose -123 + 366 = k. Calculate the greatest common divisor of k and 9.
9
Let h = 10 - 7. Let z = 17 - 7. Let j = -4 + z. What is the highest common factor of j and h?
3
Suppose 6*d = 2*d + 100. Let b(y) = -2*y**3 - 5*y**2 - 4*y + 1. Let a be b(-2). What is the highest common divisor of a and d?
5
Suppose -2*s + 19 = 3*j - 42, 4*s + 68 = 4*j. Let a = j - 13. What is the highest common factor of 24 and a?
6
Let j be (2/4 - 2)*-24. What is the highest common factor of j and 24?
12
Let w = -160 + 224. What is the hi